{"id":11641,"date":"2026-02-11T15:05:13","date_gmt":"2026-02-11T14:05:13","guid":{"rendered":"https:\/\/toplearningexams.fr\/?page_id=11641"},"modified":"2026-02-11T15:05:13","modified_gmt":"2026-02-11T14:05:13","slug":"supports-payants","status":"publish","type":"page","link":"https:\/\/toplearningexams.fr\/index.php\/supports-payants\/","title":{"rendered":"Supports payants"},"content":{"rendered":"\n<p>Pour vous pr\u00e9parer au mieux \u00e0 votre examen, nous vous proposons : <\/p>\n\n\n\n<figure class=\"wp-block-table\"><table><tbody><tr><td class=\"has-text-align-center\" data-align=\"center\"><strong>Type<\/strong><\/td><td class=\"has-text-align-center\" data-align=\"center\"><strong>Authentic Digital Practice Test<\/strong><\/td><td class=\"has-text-align-center\" data-align=\"center\"><strong>Test &amp; Train<\/strong><\/td><td class=\"has-text-align-center\" data-align=\"center\"><strong>Pr\u00e9paration individuelle<\/strong><\/td><\/tr><tr><td class=\"has-text-align-center\" data-align=\"center\"><strong>Niveaux<\/strong><\/td><td class=\"has-text-align-center\" data-align=\"center\">Du A2 Key for School au C2 Proficiency<\/td><td class=\"has-text-align-center\" data-align=\"center\">Du A2 Key for School au C1 Advanced<\/td><td class=\"has-text-align-center\" data-align=\"center\">Tous niveaux \u00e0 partir de 12 ans<\/td><\/tr><tr><td class=\"has-text-align-center\" data-align=\"center\"><strong>Con\u00e7u par<\/strong><\/td><td class=\"has-text-align-center\" data-align=\"center\">Cambridge, un code vous donne acc\u00e8s au mat\u00e9riel sur leur plate-forme <a href=\"https:\/\/www.cambridgeone.org\/\" target=\"_blank\" rel=\"noopener\" title=\"\">Cambridge One<\/a><\/td><td class=\"has-text-align-center\" data-align=\"center\">Cambridge, un code vous donne acc\u00e8s au mat\u00e9riel sur leur plate-forme <a href=\"https:\/\/www.cambridgeone.org\/\" target=\"_blank\" rel=\"noopener\" title=\"\">Cambridge One<\/a><\/td><td class=\"has-text-align-center\" data-align=\"center\">Wall Street English \/ Top Learning<\/td><\/tr><tr><td class=\"has-text-align-center\" data-align=\"center\"><strong>Validit\u00e9 de l&#8217;acc\u00e8s<\/strong><\/td><td class=\"has-text-align-center\" data-align=\"center\">Valable 12 mois<\/td><td class=\"has-text-align-center\" data-align=\"center\">Valable 18 mois<\/td><td class=\"has-text-align-center\" data-align=\"center\">Sur mesure<\/td><\/tr><tr><td class=\"has-text-align-center\" data-align=\"center\"><strong>Contenu<\/strong><\/td><td class=\"has-text-align-center\" data-align=\"center\">1 examen, 3 tentatives (pas de Writing au niveau C2, supports t\u00e9l\u00e9chargeables pour le Speaking). <br>Guide de connexion \u00e0 Cambridge One t\u00e9l\u00e9chargeable apr\u00e8s achat. <br><\/td><td class=\"has-text-align-center\" data-align=\"center\">Contenu de 6 examens \u00e0 refaire sans limites (exemples de Writing et Speaking). <br>Guide de connexion \u00e0 Cambridge One t\u00e9l\u00e9chargeable apr\u00e8s achat.<\/td><td class=\"has-text-align-center\" data-align=\"center\">Cours particuliers avec professeur anglophone pour travailler l&#8217;ensemble de l&#8217;examen, y compris Speaking et Writing, en fonction des besoins individuels.<\/td><\/tr><tr><td class=\"has-text-align-center\" data-align=\"center\"><strong>Prix<\/strong><\/td><td class=\"has-text-align-center\" data-align=\"center\">15 euros<\/td><td class=\"has-text-align-center\" data-align=\"center\">35 euros (inclus dans les pr\u00e9parations individuelles de Wall Street English).<\/td><td class=\"has-text-align-center\" data-align=\"center\">Varie selon le nombre d&#8217;heures de cours.<\/td><\/tr><tr><td class=\"has-text-align-center\" data-align=\"center\"><strong>Accessibles sur<\/strong><\/td><td class=\"has-text-align-center\" data-align=\"center\">Ordinateur uniquement.<\/td><td class=\"has-text-align-center\" data-align=\"center\">Tous supports digitaux (ordinateur, tablette, t\u00e9l\u00e9phone).<\/td><td class=\"has-text-align-center\" data-align=\"center\">En centre \u00e0 Aix-en-Provence, Marseille ou Toulon et en visio.<\/td><\/tr><tr><td class=\"has-text-align-center\" data-align=\"center\"><strong>Points forts<\/strong><\/td><td class=\"has-text-align-center\" data-align=\"center\">Simulation r\u00e9aliste d&#8217;un examen digital (mise \u00e0 disposition d&#8217;un support pour le Speaking), \u00e9dition d&#8217;un rapport avec \u00e9valuation du niveau apr\u00e8s la premi\u00e8re tentative.<br><mark style=\"background-color:#fcb900\" class=\"has-inline-color has-black-color\">Si vous passer le ADPT apr\u00e8s vous \u00eatre inscrit en candidat libre, vous pouvez changer de niveau d&#8217;examen tant que la date limite d&#8217;inscription n&#8217;est pas atteinte. <\/mark><\/td><td class=\"has-text-align-center\" data-align=\"center\">Correction et conseils imm\u00e9diats en Reading et Listening, vid\u00e9o du Speaking, exemples de r\u00e9ponses du Writing, informations sur la notation. <\/td><td class=\"has-text-align-center\" data-align=\"center\">Compl\u00e8tement personnalis\u00e9, permet de travailler aussi l&#8217;expression orale et \u00e9crite et de revenir sur des notions peu ma\u00eetris\u00e9es.<\/td><\/tr><tr><td class=\"has-text-align-center\" data-align=\"center\"><strong>Pour quel public?<\/strong><\/td><td class=\"has-text-align-center\" data-align=\"center\">Candidats qui souhaitent se familiariser avec le format de l&#8217;examen et\/ou qui veulent v\u00e9rifier leur niveau sur les composants disponibles avant de choisir leur examen.<\/td><td class=\"has-text-align-center\" data-align=\"center\">Candidat capables de travailler ind\u00e9pendamment, ayant le niveau de l&#8217;examen, avec du temps pour se pr\u00e9parer.<\/td><td class=\"has-text-align-center\" data-align=\"center\">Candidats qui ont besoin d&#8217;un soutien p\u00e9dagogique pour ma\u00eetriser le format de l&#8217;examen et renforcer leurs points faibles. <\/td><\/tr><tr><td class=\"has-text-align-center\" data-align=\"center\"><strong>O\u00f9 l&#8217;acheter?<\/strong><\/td><td class=\"has-text-align-center\" data-align=\"center\"><a href=\"https:\/\/toplearningexams.fr\/index.php\/product-category\/examens-blancs\/adpt\/\" title=\"ADPT\">ADPT<\/a><\/td><td class=\"has-text-align-center\" data-align=\"center\"><a href=\"https:\/\/toplearningexams.fr\/index.php\/product-category\/examens-blancs\/test-and-train\/\" title=\"Test and Train\">Test and Train<\/a><\/td><td class=\"has-text-align-center\" data-align=\"center\">Contactez-nous via le formulaire ci-dessous.<\/td><\/tr><\/tbody><\/table><\/figure>\n\n\n<div class=\"wp-block-jetpack-contact-form is-layout-flex wp-container-jetpack-contact-form-is-layout-faa3ad1c wp-block-contact-form-is-layout-flex\"><a href=\"https:\/\/toplearningexams.fr\/index.php\/supports-payants\/\" target=\"_blank\" rel=\"noopener noreferrer\">Submit a form.<\/a><\/div>\n\n\n<p><\/p>\n","protected":false},"excerpt":{"rendered":"<p>Pour vous pr\u00e9parer au mieux \u00e0 votre examen, nous vous proposons : Type Authentic Digital Practice Test Test &amp; Train Pr\u00e9paration individuelle Niveaux Du A2 Key for School au C2 Proficiency Du A2 Key for School au C1 Advanced Tous niveaux \u00e0 partir de 12 ans Con\u00e7u par Cambridge, un code vous donne acc\u00e8s au&hellip;<\/p>\n","protected":false},"author":1,"featured_media":0,"parent":0,"menu_order":0,"comment_status":"closed","ping_status":"closed","template":"","meta":{"om_disable_all_campaigns":false,"_monsterinsights_skip_tracking":false,"_monsterinsights_sitenote_active":false,"_monsterinsights_sitenote_note":"","_monsterinsights_sitenote_category":0,"jetpack_post_was_ever_published":false,"footnotes":""},"class_list":["post-11641","page","type-page","status-publish","hentry"],"aioseo_notices":[],"jetpack_sharing_enabled":true,"jetpack_shortlink":"https:\/\/wp.me\/P8SRaH-31L","jetpack-related-posts":[],"_links":{"self":[{"href":"https:\/\/toplearningexams.fr\/index.php\/wp-json\/wp\/v2\/pages\/11641","targetHints":{"allow":["GET"]}}],"collection":[{"href":"https:\/\/toplearningexams.fr\/index.php\/wp-json\/wp\/v2\/pages"}],"about":[{"href":"https:\/\/toplearningexams.fr\/index.php\/wp-json\/wp\/v2\/types\/page"}],"author":[{"embeddable":true,"href":"https:\/\/toplearningexams.fr\/index.php\/wp-json\/wp\/v2\/users\/1"}],"replies":[{"embeddable":true,"href":"https:\/\/toplearningexams.fr\/index.php\/wp-json\/wp\/v2\/comments?post=11641"}],"version-history":[{"count":0,"href":"https:\/\/toplearningexams.fr\/index.php\/wp-json\/wp\/v2\/pages\/11641\/revisions"}],"wp:attachment":[{"href":"https:\/\/toplearningexams.fr\/index.php\/wp-json\/wp\/v2\/media?parent=11641"}],"curies":[{"name":"wp","href":"https:\/\/api.w.org\/{rel}","templated":true}]}}