{"id":191,"date":"2017-07-13T18:50:13","date_gmt":"2017-07-13T16:50:13","guid":{"rendered":"http:\/\/toplearningexams.fr\/?page_id=191"},"modified":"2024-10-25T13:21:46","modified_gmt":"2024-10-25T11:21:46","slug":"first","status":"publish","type":"page","link":"https:\/\/toplearningexams.fr\/index.php\/nos-examens\/first\/","title":{"rendered":"B2 First et First for School"},"content":{"rendered":"<h4>Quel est le niveau de l&#8217;examen d&#8217;anglais <em>B2 First<\/em>?<\/h4>\n<p>Anciennement connu sous le nom de FCE, l&#8217;examen valide le <strong>niveau B2 du CECR, attendu par l&#8217;Education Nationale \u00e0 la fin de la Terminale et n\u00e9cessaire pour valider de nombreux dipl\u00f4mes<\/strong> (notamment d&#8217;ing\u00e9nieur). Il montre que le candidat est capable d&#8217;\u00e9tudier et de travailler dans un environnement anglophone. R\u00e9ussir le <em>B2 First<\/em>, c&#8217;est avoir un niveau clairement sup\u00e9rieur \u00e0 la majorit\u00e9 des Europ\u00e9ens \u00e0 la fin de leurs \u00e9tudes obligatoires (une \u00e9tude r\u00e9cente a montr\u00e9 que le niveau moyen \u00e0 ce stade est un bon A2).<\/p>\n<h4>Quels sont les composants de l&#8217;examen d&#8217;anglais <em>B2 First<\/em>?<\/h4>\n<p>Le <strong><em>Reading and Use of English<\/em><\/strong> dure <strong>1h15<\/strong>, avec 7 parties totalisant 52 questions et valant <strong>40% de la note<\/strong> finale (moiti\u00e9 pour le <em>Writing<\/em> et moiti\u00e9 pour le <em>Use of English<\/em>). Le <strong><em>Writing<\/em><\/strong> dure <strong>1h20<\/strong> et est compos\u00e9 de 2 parties valant <strong>20% de la note<\/strong> finale. Le <strong><em>Listening<\/em><\/strong> dure <strong>40 minutes<\/strong>, avec 4 parties totalisant 30 questions et valant <strong>20%<\/strong> de la note finale. Le <strong><em>Speaking<\/em><\/strong> prend <strong>environ 14&nbsp; minutes<\/strong> et comprend 4 parties valant <strong>20% de la note<\/strong> finale.<\/p>\n<p>Pour cet examen, <strong>le <em>Speaking<\/em> se fait en paire<\/strong> : deux candidats sont face \u00e0 deux examinateurs, l&#8217;un prend des notes et l&#8217;autre parle avec les candidats. Les candidats sont amen\u00e9s \u00e0 parler entre eux ainsi qu&#8217;avec l&#8217;examinateur.<\/p>\n<p><strong>Pr\u00e9parer l&#8217;examen d&#8217;anglais <em>B2 First<\/em><\/strong><\/p>\n<p>Pour acc\u00e9der \u00e0 des tests blancs (version papier et ordinateur), voir une vid\u00e9o de <em>Speaking<\/em>, voir le guide de l\u2019examen et acc\u00e9der \u00e0 des activit\u00e9s gratuites, merci de consulter le <a href=\"http:\/\/www.cambridgeenglish.org\/fr\/exams\/first\/how-to-prepare\/\" target=\"_blank\" rel=\"noopener noreferrer\">site de Cambridge English<\/a> ou <a href=\"http:\/\/toplearningexams.fr\/index.php\/preparer-un-examen-cambridge-english\/pour-le-first-et-le-first-for-school\/\">notre page d\u00e9di\u00e9e<\/a> au <em>First<\/em>.<\/p>\n<p>Nous proposons \u00e9galement une pr\u00e9paration (en groupe ou individuelle) \u00e0 partir du mois d&#8217;octobre. Les cours auront lieu une fois par semaine hors vacances scolaires sous r\u00e9serve d&#8217;un nombre minimum d&#8217;inscrits. Pour en savoir plus, merci de <a href=\"http:\/\/toplearningexams.fr\/index.php\/contact\/\">nous contacter<\/a> pour qu&#8217;un de nos consultants revienne vers vous.<\/p>\n<p><strong>Comment passer l&#8217;examen d&#8217;anglais <em>B2 First<\/em>?<\/strong><\/p>\n<p>Nous administrons principalement la version papier du <em>B2 First<\/em> et du <em>B2 First for School<\/em>. Il y a <strong>trois sessions de <em>B2 First<\/em> par an : en novembre ou d\u00e9cembre<\/strong> (selon les dates propos\u00e9es par Cambridge English), <strong>en mars et en juin<\/strong>. Les sessions de <strong><em>B2 First for Schools<\/em><\/strong> sont organis\u00e9es <strong>uniquement sur demande<\/strong> d&#8217;\u00e9tablissements scolaires. Des sessions en version <a href=\"https:\/\/toplearningexams.fr\/index.php\/nos-examens\/ceq-digital\/\" target=\"_blank\" rel=\"noopener\">Digital English Qualifications<\/a> (r\u00e9sultat disponible entre 5 et 10 jours ouvrable apr\u00e8s l&#8217;examen) sont disponibles depuis 2024. Les dates et lieux d&#8217;examens sont indiqu\u00e9s sur la page <a href=\"https:\/\/toplearningexams.fr\/index.php\/inscriptions\/\" target=\"_blank\" rel=\"noopener\">Inscriptions<\/a> et vous pouvez vous inscrire en cliquant sur le bouton ci-dessous.<\/p>\n<p><a class=\"fasc-button fasc-size-large fasc-type-glossy fasc-rounded-medium\" style=\"background-color: #33809e; color: #ffffff;\" target=\"_blank\" rel=\"noopener noreferrer\" href=\"https:\/\/toplearningexams.fr\/index.php\/inscriptions\/shop\/\">S&#8217;inscrire maintenant<\/a><\/p>\n\n<div data-block-name=\"woocommerce\/featured-product\" data-edit-mode=\"false\" data-product-id=\"922\" class=\"wc-block-featured-product alignnone has-background-dim wp-block-woocommerce-featured-product\" style=\"min-height:500px;\"><div class=\"wc-block-featured-product__wrapper\"><div class=\"background-dim__overlay\" style=\"background-color: #000000\"><\/div><img decoding=\"async\" alt=\"B2 First mars 2024 Late Stage 2\" class=\"wc-block-featured-product__background-image\" src=\"https:\/\/i0.wp.com\/toplearningexams.fr\/wp-content\/uploads\/2019\/07\/B2.jpg?fit=221%2C196&#038;ssl=1\" style=\"object-fit: none;object-position: 50% 50%;\" \/><h2 class=\"wc-block-featured-product__title\">B2 First mars 2024 Late Stage 2<\/h2><div class=\"wc-block-featured-product__description\"><p>Session de B2 First du 15 mars 2024 \u00e0 Luynes.<\/p>\n<p>&nbsp;<\/p>\n<\/div><div class=\"wc-block-featured-product__price\"><span class=\"woocommerce-Price-amount amount\">308,00<span class=\"woocommerce-Price-currencySymbol\">&euro;<\/span><\/span><\/div><div class=\"wc-block-featured-product__inner-blocks\">\n\n<div class=\"wp-block-buttons is-content-justification-center is-layout-flex wp-container-core-buttons-is-layout-16018d1d wp-block-buttons-is-layout-flex\">\n<div class=\"wp-block-button\"><a class=\"wp-block-button__link wp-element-button\" href=\"https:\/\/toplearningexams.fr\/index.php\/product\/b2-first-mars\/\">Shop now<\/a><\/div>\n<\/div>\n\n<\/div><\/div><\/div>","protected":false},"excerpt":{"rendered":"<p>Quel est le niveau de l&#8217;examen d&#8217;anglais B2 First? Anciennement connu sous le nom de FCE, l&#8217;examen valide le niveau B2 du CECR, attendu par l&#8217;Education Nationale \u00e0 la fin de la Terminale et n\u00e9cessaire pour valider de nombreux dipl\u00f4mes (notamment d&#8217;ing\u00e9nieur). Il montre que le candidat est capable d&#8217;\u00e9tudier et de travailler dans un&hellip;<\/p>\n","protected":false},"author":1,"featured_media":0,"parent":39,"menu_order":4,"comment_status":"closed","ping_status":"closed","template":"","meta":{"_bbp_topic_count":0,"_bbp_reply_count":0,"_bbp_total_topic_count":0,"_bbp_total_reply_count":0,"_bbp_voice_count":0,"_bbp_anonymous_reply_count":0,"_bbp_topic_count_hidden":0,"_bbp_reply_count_hidden":0,"_bbp_forum_subforum_count":0,"om_disable_all_campaigns":false,"_monsterinsights_skip_tracking":false,"_monsterinsights_sitenote_active":false,"_monsterinsights_sitenote_note":"","_monsterinsights_sitenote_category":0,"jetpack_post_was_ever_published":false,"footnotes":""},"class_list":["post-191","page","type-page","status-publish","hentry"],"aioseo_notices":[],"jetpack_sharing_enabled":true,"jetpack_shortlink":"https:\/\/wp.me\/P8SRaH-35","jetpack-related-posts":[],"_links":{"self":[{"href":"https:\/\/toplearningexams.fr\/index.php\/wp-json\/wp\/v2\/pages\/191","targetHints":{"allow":["GET"]}}],"collection":[{"href":"https:\/\/toplearningexams.fr\/index.php\/wp-json\/wp\/v2\/pages"}],"about":[{"href":"https:\/\/toplearningexams.fr\/index.php\/wp-json\/wp\/v2\/types\/page"}],"author":[{"embeddable":true,"href":"https:\/\/toplearningexams.fr\/index.php\/wp-json\/wp\/v2\/users\/1"}],"replies":[{"embeddable":true,"href":"https:\/\/toplearningexams.fr\/index.php\/wp-json\/wp\/v2\/comments?post=191"}],"version-history":[{"count":0,"href":"https:\/\/toplearningexams.fr\/index.php\/wp-json\/wp\/v2\/pages\/191\/revisions"}],"up":[{"embeddable":true,"href":"https:\/\/toplearningexams.fr\/index.php\/wp-json\/wp\/v2\/pages\/39"}],"wp:attachment":[{"href":"https:\/\/toplearningexams.fr\/index.php\/wp-json\/wp\/v2\/media?parent=191"}],"curies":[{"name":"wp","href":"https:\/\/api.w.org\/{rel}","templated":true}]}}