{"id":242,"date":"2017-07-18T15:40:12","date_gmt":"2017-07-18T13:40:12","guid":{"rendered":"http:\/\/toplearningexams.fr\/?page_id=242"},"modified":"2024-10-25T13:07:44","modified_gmt":"2024-10-25T11:07:44","slug":"devenir-centre-de-preparation-officiel","status":"publish","type":"page","link":"https:\/\/toplearningexams.fr\/index.php\/pour-les-ecoles\/devenir-centre-de-preparation-officiel\/","title":{"rendered":"Devenir centre de pr\u00e9paration officiel"},"content":{"rendered":"<h4>Les avantages des centres de pr\u00e9parations officiels de Cambridge English :<\/h4>\n<ul>\n<li>avoir acc\u00e8s \u00e0 un <strong>site internet d\u00e9di\u00e9<\/strong> avec des informations concernant les examens et leur pr\u00e9paration ainsi que les r\u00e9sultats des candidats de votre \u00e9tablissement (un seul acc\u00e8s par \u00e9tablissement)<\/li>\n<li>recevoir une <strong>newsletter<\/strong> pour conna\u00eetre les derni\u00e8res nouveaut\u00e9s de Cambridge English<\/li>\n<li>pouvoir poser toutes vos questions \u00e0 la <strong>consultante p\u00e9dagogique<\/strong> de Cambridge English<\/li>\n<li>avoir le droit d&#8217;utiliser un <strong>logo officiel<\/strong> si vous pr\u00e9sentez au moins cinquante candidats aux divers examens sur un an<\/li>\n<li>pouvoir participer aux <strong>comp\u00e9titions<\/strong> organis\u00e9es par Cambridge English<\/li>\n<li>pouvoir organiser une <strong>c\u00e9r\u00e9monie de remise des dipl\u00f4mes<\/strong> en collaboration avec notre centre, avec toges et <em>mortar-boards<\/em> (cf. <a href=\"http:\/\/toplearningexams.fr\/index.php\/revue-de-presse\/\">revue de presse<\/a>).<\/li>\n<\/ul>\n<h4>Pour devenir centre de pr\u00e9paration officiel, il faut :<\/h4>\n<ul>\n<li><strong>contacter <a href=\"http:\/\/www.cambridgeenglish.org\/fr\/information-for-schools\/prepare-cambridge-english-exams\/become-a-preparation-centre\/\" target=\"_blank\" rel=\"noopener\">Cambridge English<\/a> ou <a href=\"http:\/\/toplearningexams.fr\/index.php\/contact\/\" target=\"_blank\" rel=\"noopener\">nous contacter<\/a><\/strong><\/li>\n<li><strong>signer une convention<\/strong> avec notre centre pr\u00e9cisant les grandes lignes de notre collaboration<\/li>\n<li><strong>pr\u00e9senter des candidats<\/strong> (nous ne pouvons vous ajouter \u00e0 la base que si vous vous engagez \u00e0 proc\u00e9der \u00e0 des inscriptions dans le courant de l&#8217;ann\u00e9e scolaire).<\/li>\n<\/ul>\n<p><strong>Pour en savoir plus, n&#8217;h\u00e9sitez pas \u00e0 consulter la <a href=\"http:\/\/toplearningexams.fr\/wp-content\/uploads\/2017\/07\/FRENCH-ForSchools-brochure-for-schools.pdf\">brochure For Schools<\/a>.<\/strong><\/p>\n<h4>Quelques t\u00e9moignages :<\/h4>\n<div class=\"jetpack-video-wrapper\"><span class=\"embed-youtube\" style=\"text-align:center; display: block;\"><iframe loading=\"lazy\" class=\"youtube-player\" width=\"640\" height=\"360\" src=\"https:\/\/www.youtube.com\/embed\/ZSiFvM9Dy7Q?version=3&#038;rel=1&#038;showsearch=0&#038;showinfo=1&#038;iv_load_policy=1&#038;fs=1&#038;hl=en-US&#038;autohide=2&#038;wmode=transparent\" allowfullscreen=\"true\" style=\"border:0;\" sandbox=\"allow-scripts allow-same-origin allow-popups allow-presentation allow-popups-to-escape-sandbox\"><\/iframe><\/span><\/div>\n<div class=\"jetpack-video-wrapper\"><span class=\"embed-youtube\" style=\"text-align:center; display: block;\"><iframe loading=\"lazy\" class=\"youtube-player\" width=\"640\" height=\"360\" src=\"https:\/\/www.youtube.com\/embed\/EoH1BnThZJM?version=3&#038;rel=1&#038;showsearch=0&#038;showinfo=1&#038;iv_load_policy=1&#038;fs=1&#038;hl=en-US&#038;autohide=2&#038;wmode=transparent\" allowfullscreen=\"true\" style=\"border:0;\" sandbox=\"allow-scripts allow-same-origin allow-popups allow-presentation allow-popups-to-escape-sandbox\"><\/iframe><\/span><\/div>\n","protected":false},"excerpt":{"rendered":"<p>Les avantages des centres de pr\u00e9parations officiels de Cambridge English : avoir acc\u00e8s \u00e0 un site internet d\u00e9di\u00e9 avec des informations concernant les examens et leur pr\u00e9paration ainsi que les r\u00e9sultats des candidats de votre \u00e9tablissement (un seul acc\u00e8s par \u00e9tablissement) recevoir une newsletter pour conna\u00eetre les derni\u00e8res nouveaut\u00e9s de Cambridge English pouvoir poser toutes&hellip;<\/p>\n","protected":false},"author":1,"featured_media":0,"parent":245,"menu_order":1,"comment_status":"closed","ping_status":"closed","template":"","meta":{"_bbp_topic_count":0,"_bbp_reply_count":0,"_bbp_total_topic_count":0,"_bbp_total_reply_count":0,"_bbp_voice_count":0,"_bbp_anonymous_reply_count":0,"_bbp_topic_count_hidden":0,"_bbp_reply_count_hidden":0,"_bbp_forum_subforum_count":0,"om_disable_all_campaigns":false,"_monsterinsights_skip_tracking":false,"_monsterinsights_sitenote_active":false,"_monsterinsights_sitenote_note":"","_monsterinsights_sitenote_category":0,"jetpack_post_was_ever_published":false,"footnotes":""},"class_list":["post-242","page","type-page","status-publish","hentry"],"aioseo_notices":[],"jetpack_sharing_enabled":true,"jetpack_shortlink":"https:\/\/wp.me\/P8SRaH-3U","jetpack-related-posts":[],"_links":{"self":[{"href":"https:\/\/toplearningexams.fr\/index.php\/wp-json\/wp\/v2\/pages\/242","targetHints":{"allow":["GET"]}}],"collection":[{"href":"https:\/\/toplearningexams.fr\/index.php\/wp-json\/wp\/v2\/pages"}],"about":[{"href":"https:\/\/toplearningexams.fr\/index.php\/wp-json\/wp\/v2\/types\/page"}],"author":[{"embeddable":true,"href":"https:\/\/toplearningexams.fr\/index.php\/wp-json\/wp\/v2\/users\/1"}],"replies":[{"embeddable":true,"href":"https:\/\/toplearningexams.fr\/index.php\/wp-json\/wp\/v2\/comments?post=242"}],"version-history":[{"count":0,"href":"https:\/\/toplearningexams.fr\/index.php\/wp-json\/wp\/v2\/pages\/242\/revisions"}],"up":[{"embeddable":true,"href":"https:\/\/toplearningexams.fr\/index.php\/wp-json\/wp\/v2\/pages\/245"}],"wp:attachment":[{"href":"https:\/\/toplearningexams.fr\/index.php\/wp-json\/wp\/v2\/media?parent=242"}],"curies":[{"name":"wp","href":"https:\/\/api.w.org\/{rel}","templated":true}]}}