{"id":39,"date":"2017-06-30T16:23:00","date_gmt":"2017-06-30T14:23:00","guid":{"rendered":"http:\/\/toplearningexams.fr\/index.php\/page-d-exemple\/nos-examens\/"},"modified":"2026-01-27T14:54:48","modified_gmt":"2026-01-27T13:54:48","slug":"nos-examens","status":"publish","type":"page","link":"https:\/\/toplearningexams.fr\/index.php\/nos-examens\/","title":{"rendered":"Examens et tests"},"content":{"rendered":"<p><img data-recalc-dims=\"1\" loading=\"lazy\" decoding=\"async\" data-attachment-id=\"264\" data-permalink=\"https:\/\/toplearningexams.fr\/index.php\/nos-examens\/cambridge_photo4\/\" data-orig-file=\"https:\/\/i0.wp.com\/toplearningexams.fr\/wp-content\/uploads\/2017\/06\/cambridge_photo4.jpg?fit=5100%2C3400&amp;ssl=1\" data-orig-size=\"5100,3400\" data-comments-opened=\"0\" data-image-meta=\"{&quot;aperture&quot;:&quot;8&quot;,&quot;credit&quot;:&quot;&quot;,&quot;camera&quot;:&quot;Canon EOS 5D&quot;,&quot;caption&quot;:&quot;&quot;,&quot;created_timestamp&quot;:&quot;1317129156&quot;,&quot;copyright&quot;:&quot;&quot;,&quot;focal_length&quot;:&quot;200&quot;,&quot;iso&quot;:&quot;200&quot;,&quot;shutter_speed&quot;:&quot;0.00625&quot;,&quot;title&quot;:&quot;&quot;,&quot;orientation&quot;:&quot;1&quot;}\" data-image-title=\"cambridge_photo4\" data-image-description=\"\" data-image-caption=\"\" data-large-file=\"https:\/\/i0.wp.com\/toplearningexams.fr\/wp-content\/uploads\/2017\/06\/cambridge_photo4.jpg?fit=640%2C427&amp;ssl=1\" class=\"wp-image-264 size-medium aligncenter\" src=\"https:\/\/i0.wp.com\/toplearningexams.fr\/wp-content\/uploads\/2017\/06\/cambridge_photo4-300x200.jpg?resize=300%2C200\" alt=\"\" width=\"300\" height=\"200\" srcset=\"https:\/\/i0.wp.com\/toplearningexams.fr\/wp-content\/uploads\/2017\/06\/cambridge_photo4.jpg?resize=300%2C200&amp;ssl=1 300w, https:\/\/i0.wp.com\/toplearningexams.fr\/wp-content\/uploads\/2017\/06\/cambridge_photo4.jpg?resize=768%2C512&amp;ssl=1 768w, https:\/\/i0.wp.com\/toplearningexams.fr\/wp-content\/uploads\/2017\/06\/cambridge_photo4.jpg?resize=1024%2C683&amp;ssl=1 1024w, https:\/\/i0.wp.com\/toplearningexams.fr\/wp-content\/uploads\/2017\/06\/cambridge_photo4.jpg?w=1280&amp;ssl=1 1280w, https:\/\/i0.wp.com\/toplearningexams.fr\/wp-content\/uploads\/2017\/06\/cambridge_photo4.jpg?w=1920&amp;ssl=1 1920w\" sizes=\"auto, (max-width: 300px) 100vw, 300px\" \/><\/p>\n<h4><strong>Un peu d&#8217;histoire&#8230;<\/strong><\/h4>\n<p><a href=\"http:\/\/www.cambridgeenglish.org\/\">Cambridge<\/a> a commenc\u00e9 \u00e0 cr\u00e9er des examens d&#8217;anglais en 1913 et n&#8217;a plus cess\u00e9 de les perfectionner, avec une <strong>mise \u00e0 jour r\u00e9guli\u00e8re des sujets<\/strong> et un souci constant de <strong>mesurer les capacit\u00e9s r\u00e9elles des candidats dans les quatre comp\u00e9tences<\/strong> (lecture, \u00e9criture, compr\u00e9hension \u00e0 l&#8217;audition et expression orale).<\/p>\n<p>Cambridge a particip\u00e9 \u00e0 l&#8217;\u00e9laboration du <a href=\"http:\/\/www.cambridgeenglish.org\/fr\/exams\/cefr\/\" target=\"_blank\" rel=\"noopener\"><strong>cadre europ\u00e9en commun de r\u00e9f\u00e9rence des langues (CECR)<\/strong><\/a> et tous les examens sont maintenant \u00e9labor\u00e9s de fa\u00e7on \u00e0 correspondre \u00e0 un niveau de cette \u00e9chelle. <strong>Tous les dipl\u00f4mes d&#8217;examens Cambridge sont valables sur le long terme<\/strong> (contrairement \u00e0 la plupart des tests qui doivent \u00eatre repass\u00e9s apr\u00e8s deux ans), et la <strong><a href=\"http:\/\/www.cambridgeenglish.org\/fr\/why-cambridge-english\/global-recognition\/\" target=\"_blank\" rel=\"noopener\">liste d&#8217;organisations priv\u00e9es et publiques<\/a> qui les reconnaissent<\/strong> ne cesse de grandir.<\/p>\n<div class=\"jetpack-video-wrapper\"><span class=\"embed-youtube\" style=\"text-align:center; display: block;\"><iframe loading=\"lazy\" class=\"youtube-player\" width=\"640\" height=\"360\" src=\"https:\/\/www.youtube.com\/embed\/vQERFI5hKSI?version=3&#038;rel=1&#038;showsearch=0&#038;showinfo=1&#038;iv_load_policy=1&#038;fs=1&#038;hl=en-US&#038;autohide=2&#038;wmode=transparent\" allowfullscreen=\"true\" style=\"border:0;\" sandbox=\"allow-scripts allow-same-origin allow-popups allow-presentation allow-popups-to-escape-sandbox\"><\/iframe><\/span><\/div>\n<h4>Examen ou test?<\/h4>\n<p>Un examen valide un niveau sp\u00e9cifique, ainsi que le niveau inf\u00e9rieur et le d\u00e9but du niveau sup\u00e9rieur en fonction de la note moyenne. Un test situe le candidat sur le CECRL.<\/p>\n<h4>Les tests de Cambridge<\/h4>\n<p>Le <a href=\"https:\/\/toplearningexams.fr\/index.php\/nos-examens\/new-linguaskill\/\" target=\"_blank\" rel=\"noopener\">(New) Linguaskill<\/a> couvre les niveaux B1 \u00e0 C2. Toute note en dessous du niveau B1 ne permet pas de recevoir un certificat mais les r\u00e9sultats sont accessibles en ligne par le candidat. Les quatre composants (compr\u00e9hension et expression \u00e9crites et orales) sont disponibles de fa\u00e7on ind\u00e9pendante et il est possible d&#8217;am\u00e9liorer sa note dans un ou plusieurs composants sur une p\u00e9riode donn\u00e9e. Ce test est garanti par Cambridge.<\/p>\n<p>Le <a href=\"https:\/\/toplearningexams.fr\/index.php\/nos-examens\/linguaskill\/\" target=\"_blank\" rel=\"noopener\">English Skills Test<\/a> couvre les niveaux A2 \u00e0 C1+. Les quatre composants (compr\u00e9hension et expression \u00e9crites et orales) sont disponibles de fa\u00e7on ind\u00e9pendante et il est possible d&#8217;am\u00e9liorer sa note dans un ou plusieurs composants sur une p\u00e9riode donn\u00e9e. Le contenu du test correspond \u00e0 l&#8217;ancien Linguaskill (jusqu&#8217;\u00e0 septembre 2025). Ce test est garanti par le centre d&#8217;examen.<\/p>\n<p>Pour les deux tests, il n&#8217;y a pas de dur\u00e9e de validit\u00e9 fix\u00e9e par Cambridge, ce sont les \u00e9tablissements scolaires et les employeurs qui d\u00e9cident du d\u00e9lai qu&#8217;ils sont pr\u00eats \u00e0 accepter. La version \u00e0 distance doit \u00eatre introduite courant 2026, actuellement tous les tests doivent \u00eatre pass\u00e9s en centre.<\/p>\n<h4>Les examens de Cambridge<\/h4>\n<p>En tant que centre agr\u00e9\u00e9 Cambridge, nous proposons l&#8217;organisation de sessions d&#8217;examens d&#8217;anglais <a href=\"http:\/\/toplearningexams.fr\/index.php\/nos-examens\/young-learners\/\">Young Learners<\/a> (Pre A1 Starters, A1 Movers, A2 Flyers), <a href=\"http:\/\/toplearningexams.fr\/index.php\/nos-examens\/key\/\">A2 Key<\/a> for School (anciennement KET), <a href=\"http:\/\/toplearningexams.fr\/index.php\/nos-examens\/preliminary-et-preliminary-for-school\/\">B1 Preliminary<\/a> for School (anciennement PET), <a href=\"http:\/\/toplearningexams.fr\/index.php\/nos-examens\/first\/\">B2 First<\/a> (for School et g\u00e9n\u00e9ral, anciennement FCE), <a href=\"http:\/\/toplearningexams.fr\/index.php\/nos-examens\/ladvanced\/\">C1 Advanced<\/a> (anciennement CAE) et <a href=\"http:\/\/toplearningexams.fr\/index.php\/nos-examens\/proficiency\/\">C2 Proficiency <\/a>(anciennement CPE). Tous ces examens sont propos\u00e9s en version papier, et \u00e0 partir du A2 Key for School, en version Digitale. Le Pre-A1 Starter et le A1 Movers sont \u00e9galement disponibles en session digitale lors de la session d&#8217;automne.<\/p>\n<p><strong>Pour savoir quel examen correspond \u00e0 votre connaissance de l&#8217;anglais, un <a href=\"http:\/\/www.cambridgeenglish.org\/fr\/test-your-english\/\" target=\"_blank\" rel=\"noopener\">petit test gratuit<\/a> est disponible sur la page de Cambridge.<\/strong><\/p>\n<p>Vous pouvez consulter la <a href=\"http:\/\/toplearningexams.fr\/wp-content\/uploads\/2017\/07\/FRENCH-Young-Learners-leaflet-for-parents-DL.pdf\">brochure officielle Young Learners<\/a> et la <a href=\"http:\/\/toplearningexams.fr\/wp-content\/uploads\/2017\/07\/FRENCH-ForSchools-parents-leaflet-DL.pdf\">brochure officielle For School<\/a> (couvrant les examens du A2 Key au B2 First for School).<\/p>\n","protected":false},"excerpt":{"rendered":"<p>Un peu d&#8217;histoire&#8230; Cambridge a commenc\u00e9 \u00e0 cr\u00e9er des examens d&#8217;anglais en 1913 et n&#8217;a plus cess\u00e9 de les perfectionner, avec une mise \u00e0 jour r\u00e9guli\u00e8re des sujets et un souci constant de mesurer les capacit\u00e9s r\u00e9elles des candidats dans les quatre comp\u00e9tences (lecture, \u00e9criture, compr\u00e9hension \u00e0 l&#8217;audition et expression orale). Cambridge a particip\u00e9 \u00e0&hellip;<\/p>\n","protected":false},"author":1,"featured_media":0,"parent":0,"menu_order":0,"comment_status":"closed","ping_status":"closed","template":"","meta":{"om_disable_all_campaigns":false,"_monsterinsights_skip_tracking":false,"_monsterinsights_sitenote_active":false,"_monsterinsights_sitenote_note":"","_monsterinsights_sitenote_category":0,"jetpack_post_was_ever_published":false,"footnotes":""},"class_list":["post-39","page","type-page","status-publish","hentry"],"aioseo_notices":[],"jetpack_sharing_enabled":true,"jetpack_shortlink":"https:\/\/wp.me\/P8SRaH-D","jetpack-related-posts":[],"_links":{"self":[{"href":"https:\/\/toplearningexams.fr\/index.php\/wp-json\/wp\/v2\/pages\/39","targetHints":{"allow":["GET"]}}],"collection":[{"href":"https:\/\/toplearningexams.fr\/index.php\/wp-json\/wp\/v2\/pages"}],"about":[{"href":"https:\/\/toplearningexams.fr\/index.php\/wp-json\/wp\/v2\/types\/page"}],"author":[{"embeddable":true,"href":"https:\/\/toplearningexams.fr\/index.php\/wp-json\/wp\/v2\/users\/1"}],"replies":[{"embeddable":true,"href":"https:\/\/toplearningexams.fr\/index.php\/wp-json\/wp\/v2\/comments?post=39"}],"version-history":[{"count":0,"href":"https:\/\/toplearningexams.fr\/index.php\/wp-json\/wp\/v2\/pages\/39\/revisions"}],"wp:attachment":[{"href":"https:\/\/toplearningexams.fr\/index.php\/wp-json\/wp\/v2\/media?parent=39"}],"curies":[{"name":"wp","href":"https:\/\/api.w.org\/{rel}","templated":true}]}}